t + 1. Let j(s) = 4*p(s) + 14*x(s). Calculate j(g).
10
Let k(m) = 5*m**3 + 3003*m - m**3 + 1 - 2996*m - 15*m**2 - m**2. Let d(z) = -z**3 + 5*z**2 - 3*z. Let c(r) = 7*d(r) + 2*k(r). Give c(-5).
-13
Suppose -97 = 2*l - 3*o, -2*l - 5*o - 13 = 44. Let b = l + 51. Let d(v) = 6*v - 12. Calculate d(b).
48
Let t(o) = o**2 + 3*o + 2. Let b(u) = -3*u - 2. Let l be b(-4). Let c(p) = -2*p**3 + 52*p**2 + p - 20. Let a be c(26). Suppose a*n - n = -l. Calculate t(n).
0
Let u(m) = -m**2 + 2*m - 7. Suppose -8*s + 13*s - 17 = -2*x, -x = -2*s + 14. Calculate u(s).
-22
Let w(i) = -2*i - 2604912*i**2 - 21 + 2604915*i**2 - i. What is w(4)?
15
Let y(v) be the first derivative of -3/2*v**2 - 3*v + 2/3*v**3 + 8. Suppose -4*q + c = -13, -2*c - 3*c = -4*q + 17. Give y(q).
6
Let b(w) = w**2 - 8*w + 3. Let c(s) = 7*s**2 + 38*s - 10. Let r be c(-11). Suppose -27*z - 149 = -r. What is b(z)?
23
Suppose 4 = 12*h - 14*h. Let r be (8/12 + h)*(-27)/(-6). Let c(m) = -m**2 - 6*m + 4. Calculate c(r).
4
Let w be (0 - -1)*(0 - 15). Let r(f) be the first derivative of -f**2/2 - 11*f + 69142. Calculate r(w).
4
Let d = -3 - -6. Let j(k) = -2*k + 37 + 4 - 22 - 7 - 15. Calculate j(d).
-9
Let c be (156/24 + 1)*(-2)/(-3). Let a(h) = h**3 - 5*h**2 - 4*h - 5. Give a(c).
-25
Let b(y) = -2*y + 5. Let v be b(1). Let k(l) = -l + 2. Let p(c) = -c - 4. Let u(g) = 4*k(g) + p(g). Determine u(v).
-11
Let l = 1093 - 1095. Let k(x) = 2*x**3 + 3*x**2 - x - 3. What is k(l)?
-5
Suppose 2*i = 2*z - 1083 + 381, -z = 4*i + 1414. Let n = i + 353. Let q(r) = r**2 - 19. Determine q(n).
-19
Suppose 2*k = 3*k - 3. Let a = -7 + k. Let n(r) be the second derivative of -r**5/20 - r**4/3 + r**2 - 2*r + 779. Calculate n(a).
2
Let z be (-12 - -2)/(4/804*6). Let f = -330 - z. Let l(m) = -m**2 + 4*m + 5. Give l(f).
0
Let t(z) = 5 - 4 + 8*z - z. Let l = -152 - -159. Suppose l = 3*x - 5*h + 23, -h = x. Calculate t(x).
-13
Let t(i) = -i**3 + 5*i**2 + 2*i - 7. Let m(g) be the third derivative of -g**6/60 - g**5/15 + g**4/8 - 2*g**3/3 + 2*g**2 + 3. Let w be m(-3). Calculate t(w).
3
Let k = -948 + 955. Let c(u) = 143 + k*u - 279 + 131. Determine c(3).
16
Let j be -6*(-5 + 117/26). Let a(u) be the first derivative of -1/3*u**3 - j*u - 21 + 3*u**2. Give a(2).
5
Let t(n) = 1. Let f(j) = -3 - 3 - 7 - 2*j + j. Let u(s) = -2*f(s) - 18*t(s). What is u(-7)?
-6
Let v be ((1/(-10))/(22/528))/(2/15). Let t(b) = -b**3 - 18*b**2 - 2*b - 42. What is t(v)?
-6
Let i(a) = -33*a + 31. Let p(c) = -217*c + 186. Let x(h) = -13*i(h) + 2*p(h). What is x(14)?
-101
Let y(x) = 11*x**2 - 2*x + 1. Suppose -w - 16 - 20 = 0. Let b be ((-1)/(-2))/((-18)/w). What is y(b)?
10
Let s(j) = 3*j - 4. Suppose -17*p + 7 = -27. Suppose p*k - k = 3. What is s(k)?
5
Let r(f) be the second derivative of -f**4/12 - 17*f**3/6 - 7*f**2 + 12218*f. Calculate r(-7).
56
Let u(l) = -22*l**2 + 7*l + 3. Let q be u(1). Let y(f) = -8*f - 78. What is y(q)?
18
Let a(y) = -2*y**3 - 3*y**2 - 3*y + 3. Let m be a(0). Suppose m*s - 4 = 2*t - 17, -3*t - 4*s + 28 = 0. Let f(b) = -b**2 + 7*b + 3. Give f(t).
-5
Let n(h) = 6644908*h**2 + 33 + 33*h - 7*h**3 - 6644908*h**2. Calculate n(-1).
7
Let g be (1164/30)/((-1)/(-5)). Let y = -194 + g. Let h(c) = c**3 - c**2 + 2*c + 6. What is h(y)?
6
Let r(h) = -99 + 2*h + 0*h + 102 + 2*h**3 - 2*h**2 - 105 + 105. Calculate r(-1).
-3
Let s(g) be the third derivative of g**6/240 + g**5/120 - g**4/24 + 8*g**3/3 - 2*g**2 + 6. Let z(l) be the second derivative of s(l). Calculate z(7).
22
Suppose -5*u = 49 - 74. Let j(m) = m. Let p(k) = -k. Let q(d) = u*p(d) + 2*j(d). Calculate q(-5).
15
Let m(l) be the first derivative of 13*l**7/840 - l**6/180 - l**5/120 - l**3 + 3*l**2 - 158. Let d(s) be the third derivative of m(s). Give d(-1).
-14
Let m(b) = -b**2 - 16*b - 54. Let w be (-1465)/165 + 16/352 - 5/(-6). Determine m(w).
10
Let w(g) = 10*g - 66 + 18 + 17 - g**2 + 20. Suppose 2*l + 5*q = -9, -4*q + 3 - 7 = 2*l. Calculate w(l).
5
Let a(t) = 10 + 5*t**3 - 18*t**2 + 0*t**3 - 12*t - 12*t**3 + 6*t**3 - 19*t. What is a(-16)?
-6
Let m(g) be the third derivative of -g**4/24 + g**3/3 + 14*g**2. Suppose 0 = 8*d + d - 108. Let n be d + (-6 - -2) - 2. Calculate m(n).
-4
Let o(m) = -26*m - 21*m + 64*m - 4 - 20*m. Let i(c) = c**3 + 2*c**2 - 24*c - 4. Let z be i(4). Determine o(z).
8
Let x(n) = -n - 4. Suppose 0 = -2*g - 3*g - 25, -4*v + 3*g + 31 = 0. Suppose -v*u = -9*u + 30. Let r be (2/u)/((-3)/36). Calculate x(r).
0
Let p(k) = -k - 4. Let h be (-2 - 18/6) + -27. Let o = h + 32. Calculate p(o).
-4
Suppose -2*m = -2*l + 6, 4*m + 6 = -14. Let b(r) = -r**3 - r**2 + r - 4. Let p be b(0). Let z be (l - 1) + 3/p*-4. Let h(q) = -q**2 + q - 3. What is h(z)?
-3
Let y = -2745 + 2742. Let d(m) = -3*m + 1. What is d(y)?
10
Let i(z) = 3*z**2 - 2. Let v be 1/2*(-6)/(-15)*10. Suppose -3*q + k = -v*k - 9, -4*q - 28 = 4*k. Calculate i(q).
10
Let a(l) be the third derivative of -l**5/60 + l**4/4 + 63*l**3/2 - 9466*l**2. What is a(17)?
2
Let y be (1 + -5)*((-6)/9)/(12/(-45)). Let n(g) = -g**3 - 11*g**2 - 8*g + 18. What is n(y)?
-2
Let k(u) = -u**3 + 29*u**2 - 55*u + 16. Let c be (1/((-1)/54))/(135 + -137). What is k(c)?
-11
Let q = 18 + -18. Suppose q = -10*g + 15*g + 15. Let k(s) = -27 + 89 - 33 - 5*s**2 - 3*s - s**3 - 28. Calculate k(g).
-8
Suppose -22*j - 64 = 2. Let a = -9 + 3. Let p(n) = n**3 + 1. Let l(y) = -5*y**3 + 3*y**2 + 2*y - 9. Let v(z) = a*p(z) - l(z). Determine v(j).
9
Let p be ((-7)/(-10) + -1)*(-60)/48*1. Let f(o) be the third derivative of 0*o + 0 - 7/60*o**5 - p*o**4 - 4*o**2 - 7/6*o**3 - 1/120*o**6. Give f(-6).
11
Let i(x) = -89*x - 9. Let l(k) = -122*k - 10. Let a(f) = 4*i(f) - 3*l(f). Give a(6).
54
Let p(j) = 3383*j + 3388*j - 10149*j - 37 + 3386*j. Calculate p(4).
-5
Let x(l) = -141*l - 4390. Let t be x(-31). Let q(k) = -k**2 - 14*k + 92. Give q(t).
-3
Suppose 0 = -3*j + 2*q - 1, 5*j - 3*q - 10 = -2*q. Suppose x - 4*w + 5 = 15, 0 = j*x + w + 9. Let t(d) = d**3 + 3*d**2 + 2*d + 1. Give t(x).
1
Suppose 96 = 21*d + 11*d. Suppose d*y = -y - 5*y. Let r(b) = b**2 + b - 1. Give r(y).
-1
Let g(c) be the third derivative of -c**5/30 + c**4/2 - 5*c**3/3 + 345*c**2. What is g(5)?
0
Suppose -4*v - 4*l = -24, 2*v - 12 = 167*l - 165*l. Let p(k) = -k**3 + 3*k**2 + 17*k + 23. What is p(v)?
17
Suppose -4*t - 10 = -5*t + 4*b, -2*t + 3*b = -10. Let i(c) = -5 + 0 - t*c + 27 - 15. Calculate i(6).
-5
Let n(t) = -8 - 18*t**2 + 16*t + 5 - t**3 + 3*t**2. Let z(f) = f**3 + 19*f**2 - 157*f - 191. Let l be z(-25). Determine n(l).
-3
Let b(m) be the third derivative of m**5/30 - 538*m**2. Determine b(0).
0
Suppose 14*m = 19*m + 615. Let d = m + 115. Let f be ((-12)/d*1)/(5/10). Let s(k) = k**3 - 4*k**2 + 3*k - 3. Calculate s(f).
-3
Let q be 12/16 + (-3140)/(-80). Let m be 32/40*(-10)/(-4). Suppose -7*s - q = m. Let k(n) = -n - 6. Determine k(s).
0
Let s(t) = -4*t - 10. Let y(d) be the first derivative of 5*d**2/2 + 8*d + 29. Let o(m) = -4*s(m) - 3*y(m). Determine o(-11).
5
Let g(y) = -20*y**3 + 2*y**2 + 2*y + 1. Let z be 21/6*12/21. Let i be (-1)/(2/4 - (-1)/z). Calculate g(i).
21
Let r(j) be the second derivative of j**5/20 - 11*j**4/6 + 11*j**3/3 - 10*j**2 - 15*j - 18. Give r(21).
1
Let c(w) = 2*w**2 + 10*w - 1. Let q(v) = -v**2 + 21*v - 25. Let a be q(20). Let m be c(a). Let d(g) = -5*g**3 + g**2 + 3*g + 2. Determine d(m).
5
Let q(u) = 68*u + 52. Let s(f) = 11*f + 9. Let n(x) = -q(x) + 6*s(x). Suppose -9 = 2*z + 3*w, 0 = 2*w - 4*w - 2. Calculate n(z).
8
Let d(h) = h**3 - 10*h**2 + 7*h + 7. Let y = -384 + 392. Let p be 78/y - (92/16 - 5). Calculate d(p).
-11
Suppose o = 4*o + 30. Let g(z) be the second derivative of -z**4/12 - 11*z**3/6 - 7*z**2/2 + 4626*z. Give g(o).
3
Let d(n) = -2 - 4*n - n**2 - 2*n + 8*n - 8*n. Let y be (3 + 1)/(556/(-695)). Determine d(y).
3
Let y(n) be the first derivative of 5/2*n**2 - 9*n - 7 - 1/4*n**4 + 5/3*n**3. Calculate y(6).
-15
Let p = -1230 + 1226. Let s(h) = h**3 + 5*h**2 + 6*h + 4. What is s(p)?
-4
Let a(b) = 8*b**2 + 111*b - 19. Let d = 473 - 487. Let j be a(d). Let i(x) = x**3 + 6*x**2 + 4*x. Give i(j).
5
Let p(q) = 10 - q + 9*q + 6*q**2 - 10788*q**3 + 10789*q**3 + q. Determine p(-5).
-10
Let j(c) = -8 + 95*c + 95*c + 95*c - 288*c. Suppose 3*a + 2*a + 35 = -5*w, 3*a - 2*w = -26. Determine j(a).
16
Let p = 587 + -584. Let u(l) = 3*l**2 - 6*l**2 - 5 - 2*l**2 